e of 6?
True
Is 13 a factor of 168?
False
Is 119 a factor of 12019?
True
Is 45182 a multiple of 29?
True
Is 13099 a multiple of 60?
False
Does 63 divide 55954?
False
Is 20823 a multiple of 27?
False
Is 63445 a multiple of 5?
True
Is 24 a factor of 20136?
True
Does 12 divide 24262?
False
Is 36504 a multiple of 12?
True
Does 32 divide 5350?
False
Is 6 a multiple of 6?
True
Is 1807 a multiple of 13?
True
Does 26 divide 2028?
True
Is 14 a factor of 177?
False
Is 1025 a multiple of 25?
True
Is 143 a factor of 79214?
False
Does 38 divide 2439?
False
Is 167 a factor of 16032?
True
Does 45 divide 4718?
False
Does 18 divide 108?
True
Does 7 divide 161?
True
Is 12930 a multiple of 15?
True
Does 81 divide 930?
False
Does 121 divide 9412?
False
Is 3496 a multiple of 46?
True
Is 9 a factor of 38502?
True
Is 140 a multiple of 21?
False
Is 77 a factor of 6768?
False
Does 115 divide 1610?
True
Is 5 a factor of 320?
True
Is 12 a factor of 400?
False
Is 694 a multiple of 23?
False
Does 14 divide 23534?
True
Is 1881 a multiple of 33?
True
Is 90 a factor of 900?
True
Does 9 divide 1098?
True
Is 30869 a multiple of 15?
False
Does 2 divide 78?
True
Is 1558 a multiple of 19?
True
Is 33379 a multiple of 5?
False
Is 1144 a multiple of 49?
False
Is 23 a factor of 207?
True
Does 147 divide 17199?
True
Is 72 a factor of 166?
False
Is 10 a factor of 5670?
True
Is 9207 a multiple of 3?
True
Is 20250 a multiple of 54?
True
Does 4 divide 3848?
True
Is 5560 a multiple of 22?
False
Is 76 a factor of 3988?
False
Is 11874 a multiple of 17?
False
Is 1980 a multiple of 132?
True
Is 5 a factor of 945?
True
Does 8 divide 441?
False
Is 63 a factor of 21168?
True
Is 716 a multiple of 4?
True
Does 3 divide 1304?
False
Is 22 a factor of 4318?
False
Is 1616 a multiple of 98?
False
Is 40 a factor of 76528?
False
Is 4 a factor of 116?
True
Is 4802 a multiple of 14?
True
Does 85 divide 16405?
True
Is 39 a factor of 56901?
True
Does 15 divide 23770?
False
Is 205 a multiple of 3?
False
Is 112 a factor of 7059?
False
Is 92 a multiple of 51?
False
Does 7 divide 945?
True
Does 36 divide 11016?
True
Is 138446 a multiple of 341?
True
Is 66 a factor of 5478?
True
Does 30 divide 3480?
True
Is 182 a factor of 10784?
False
Is 984 a multiple of 6?
True
Is 68138 a multiple of 217?
True
Is 4 a factor of 556?
True
Does 18 divide 774?
True
Is 85 a factor of 8075?
True
Is 37012 a multiple of 55?
False
Is 47 a factor of 5875?
True
Is 10 a factor of 801?
False
Does 30 divide 3900?
True
Does 28 divide 7812?
True
Is 5451 a multiple of 23?
True
Is 215 a multiple of 2?
False
Is 11 a factor of 6205?
False
Does 6 divide 318?
True
Does 3 divide 300?
True
Is 125 a factor of 5750?
True
Is 256 a factor of 31316?
False
Is 237 a multiple of 14?
False
Is 31 a factor of 310?
True
Does 19 divide 2071?
True
Does 15 divide 2460?
True
Is 5 a factor of 195?
True
Does 99 divide 6580?
False
Is 44 a factor of 3416?
False
Does 138 divide 25013?
False
Is 222 a factor of 32412?
True
Is 130092 a multiple of 111?
True
Is 9 a factor of 5085?
True
Does 16 divide 1648?
True
Is 837 a multiple of 69?
False
Does 15 divide 140?
False
Does 19 divide 117143?
False
Does 49 divide 14319?
False
Is 10 a factor of 590?
True
Does 23 divide 24043?
False
Does 17 divide 6715?
True
Is 50 a factor of 15426?
False
Is 1338 a multiple of 19?
False
Is 22 a factor of 848?
False
Is 3010 a multiple of 86?
True
Does 33 divide 19536?
True
Is 3 a factor of 1011?
True
Is 57 a factor of 2591?
False
Is 68 a factor of 1171?
False
Is 8910 a multiple of 11?
True
Is 10 a factor of 1540?
True
Is 2 a factor of 3858?
True
Is 92 a factor of 10764?
True
Is 9785 a multiple of 54?
False
Does 7 divide 841?
False
Is 64 a multiple of 32?
True
Is 1044 a multiple of 18?
True
Is 12 a factor of 204?
True
Is 652 even?
True
Is 23 a factor of 46?
True
Does 54 divide 27833?
False
Is 3084 a multiple of 12?
True
Is 19 a factor of 1748?
True
Is 36 a factor of 5688?
True
Does 3 divide 261?
True
Is 70592 a multiple of 64?
True
Does 29 divide 29725?
True
Is 363 a multiple of 6?
False
Is 2866 a multiple of 26?
False
Does 5 divide 125?
True
Does 61 divide 600?
False
Does 17 divide 765?
True
Is 107 a factor of 5350?
True
Does 134 divide 13132?
True
Is 44 a factor of 2442?
False
Does 44 divide 2998?
False
Does 34 divide 16596?
False
Does 19 divide 7153?
False
Does 33 divide 5281?
False
Is 459 a multiple of 5?
False
Is 1003 a multiple of 17?
True
Does 10 divide 712?
False
Does 12 divide 4344?
True
Is 17355 a multiple of 13?
True
Does 8 divide 13128?
True
Is 28322 a multiple of 17?
True
Is 180 a multiple of 9?
True
Is 3899 a multiple of 41?
False
Is 608 a multiple of 32?
True
Is 2 a factor of 2484?
True
Is 13 a factor of 59631?
True
Does 59 divide 177?
True
Is 72 a factor of 143?
False
Is 1989 a multiple of 39?
True
Is 16 a factor of 5374?
False
Does 21 divide 4809?
True
Is 78 a multiple of 9?
False
Is 81 a multiple of 16?
False
Does 21 divide 34199?
False
Is 74 a factor of 286?
False
Is 10 a factor of 180?
True
Does 162 divide 26892?
True
Is 3510 a multiple of 39?
True
Does 19 divide 13338?
True
Is 2193 a multiple of 18?
False
Is 1190 a multiple of 34?
True
Does 23 divide 330?
False
Is 6 a factor of 1885?
False
Is 51 a factor of 2805?
True
Does 21 divide 53949?
True
Does 23 divide 4015?
False
Is 25 a factor of 784?
False
Is 15432 a multiple of 4?
True
Is 105 a factor of 5201?
False
Is 5 a factor of 17062?
False
Is 142 a factor of 85026?
False
Does 8 divide 192?
True
Is 18223 a multiple of 36?
False
Is 21 a factor of 5100?
False
Does 17 divide 19196?
False
Is 4646 a multiple of 23?
True
Is 385 a factor of 715?
False
Is 3393 a multiple of 9?
True
Is 58 a factor of 17110?
True
Is 1020 a multiple of 30?
True
Is 34575 a multiple of 4?
False
Is 16961 a multiple of 67?
False
Is 38 a factor of 2228?
False
Is 632 a multiple of 7?
False
Does 9 divide 292?
False
Is 8534 a multiple of 17?
True
Does 18 divide 5565?
False
Is 10799 a multiple of 33?
False
Does 32 divide 4800?
True
Is 13 a factor of 2873?
True
Is 14111 a multiple of 84?
False
Does 33 divide 858?
True
Does 15 divide 1863?
False
Is 17 a factor of 1688?
False
Does 9 divide 1107?
True
Is 65 a multiple of 14?
False
Is 32670 a multiple of 270?
True
Is 990 a multiple of 30?
True
Does 36 divide 23128?
False
Does 141 divide 4872?
False
Is 86 even?
True
Is 15 a factor of 6285?
True
Is 16 a factor of 9232?
True
Does 10 divide 11134?
False
Is 2014 a multiple of 53?
True
Is 32851 a multiple of 24?
False
Is 36 a factor of 201?
False
Is 5400 a multiple of 36?
True
Does 5 divide 17?
False
Does 17 divide 606?
False
Is 64 a factor of 4480?
True
Is 5370 a multiple of 20?
False
Is 825 a multiple of 25?
True
Does 112 divide 71198?
False
Is 32 a factor of 19395?
False
Is 1553 a multiple of 53?
False
Does 42 divide 1555?
False
Is 264 a multiple of 22?
True
Does 14 divide 995?
False
Does 9 divide 17892?
True
Is 30 a multiple of 2?
True
Is 49 a factor of 1715?
True
Is 29477 a multiple of 19?
False
Is 1920 a multiple of 60?
True
Is 618 a multiple of 5?
False
Is 15 a factor of 735?
True
Does 10 divide 2104?
False
Does 9 divide 16933?
False
Is 118 a multiple of 18?
False
Is 63 a factor of 214?
False
Is 50886 a multiple of 11?
True
Is 525 a multiple of 5?
True
Is 585 a multiple of 9?
True
Is 6819 a multiple of 70?
False
Is 11726 a multiple of 7?
False
Does 34 divide 136?
True
Is 3 a factor of 29?
False
Does 108 divide 3539?
False
Is 112 a factor of 100240?
True
Is 7 a factor of 91?
True
Is 9 even?
False
Is 11 a factor of 4083?
False
Does 56 divide 560?
True
Is 18339 a multiple of 5?
False
Is 8 a factor of 848?
True
Is 12 a factor of 33156?
True
Does 5 divide 6699?
False
Is 101680 a multiple of 80?
True
Is 2413 a multiple of 34?
False
Does 44 divide 15479?
False
Is 16 a factor of 1706?
False
Is 22 a factor of 3036?
True
Does 6 divide 585?
False
Is 405 a multiple of 81?
True
Does 16 divide 1104?
True
Does 9 divide 202?
False
Is 29078 a multiple of 217?
True
Does 11 divide 670?
False
Is 85 a factor of 407?
False
Is 323 a multiple of 19?
True
Is 74 a factor of 14671?
False
Is 56 a factor of 772?
False
Is 7718 a multiple of 17?
True
Is 38 a factor of 6977?
False
Is 4 a factor of 336?
True
Does 51 divide 69676?
False
Is 14 a factor of 782?
False
Is 38 a factor of 1588?
False
Is 